and 261?
29
What is the highest common divisor of 975645 and 1752?
219
What is the greatest common factor of 16677 and 2465?
17
Calculate the greatest common factor of 787675 and 8359.
643
Calculate the greatest common divisor of 144678 and 114.
6
Calculate the greatest common factor of 84462 and 12.
6
What is the highest common divisor of 46161 and 14490?
207
Calculate the highest common divisor of 700 and 1774080.
140
Calculate the highest common factor of 141571 and 268.
67
What is the greatest common factor of 875866 and 7598?
262
Calculate the highest common factor of 378 and 5376.
42
Calculate the greatest common divisor of 93883 and 842.
421
Calculate the highest common divisor of 952 and 424184.
136
Calculate the highest common factor of 1588537 and 1743.
83
What is the highest common factor of 63 and 10059?
21
What is the greatest common factor of 34921 and 329?
47
Calculate the highest common divisor of 476 and 2317.
7
What is the greatest common divisor of 129 and 500649?
129
Calculate the highest common divisor of 1410 and 124380.
30
What is the greatest common divisor of 588251 and 51?
17
Calculate the highest common divisor of 852147 and 555.
111
What is the highest common factor of 3213 and 44625?
357
What is the highest common divisor of 24 and 20796?
12
What is the greatest common factor of 319284 and 252?
252
What is the highest common divisor of 210 and 2430?
30
What is the highest common factor of 3 and 29079?
3
Calculate the highest common divisor of 9763 and 91.
13
What is the greatest common factor of 10780 and 22715?
385
Calculate the highest common factor of 240 and 3024.
48
What is the highest common factor of 2119 and 902042?
163
What is the highest common factor of 1414 and 1284619?
707
What is the greatest common divisor of 3944 and 1139?
17
Calculate the greatest common factor of 302829 and 21.
3
Calculate the highest common factor of 635760 and 64.
16
What is the greatest common divisor of 3002 and 152?
38
What is the highest common factor of 6288 and 26986?
262
Calculate the greatest common divisor of 812 and 2011324.
812
What is the greatest common divisor of 1589 and 315?
7
What is the greatest common divisor of 129 and 300613?
43
What is the highest common divisor of 5543835 and 33?
33
Calculate the highest common divisor of 110760 and 4.
4
What is the greatest common factor of 2275 and 175?
175
Calculate the highest common divisor of 34 and 465919.
17
What is the greatest common divisor of 124065 and 2565?
135
Calculate the greatest common divisor of 489 and 31622.
163
Calculate the greatest common divisor of 12660 and 1620.
60
Calculate the greatest common factor of 234 and 3546.
18
Calculate the greatest common factor of 756 and 137916.
108
What is the greatest common divisor of 3158004 and 12?
12
Calculate the highest common divisor of 22320 and 680.
40
What is the highest common factor of 724319 and 3110?
311
Calculate the highest common divisor of 15584 and 1088.
32
What is the highest common divisor of 740 and 3620?
20
Calculate the greatest common divisor of 13668 and 476.
68
Calculate the highest common factor of 929028 and 60.
12
Calculate the highest common factor of 69485 and 10.
5
Calculate the highest common divisor of 88 and 2520.
8
What is the highest common factor of 1 and 848041?
1
Calculate the highest common divisor of 2049144 and 24.
24
What is the greatest common factor of 3250 and 166530?
130
What is the greatest common factor of 30105 and 15?
15
What is the highest common factor of 2336 and 800?
32
What is the highest common factor of 205 and 146575?
205
Calculate the greatest common divisor of 99105 and 135.
15
What is the greatest common divisor of 3575 and 4225?
325
Calculate the highest common factor of 50172 and 666.
222
What is the greatest common divisor of 142 and 378643?
71
What is the greatest common divisor of 310684 and 184?
92
What is the highest common factor of 2149 and 19187?
7
What is the greatest common divisor of 7542 and 26?
2
Calculate the highest common divisor of 108843 and 1278.
213
What is the greatest common divisor of 28 and 87857?
7
What is the highest common divisor of 156773 and 211?
211
What is the highest common divisor of 338062 and 5185?
1037
Calculate the highest common factor of 60237 and 5589.
621
What is the highest common divisor of 101974 and 268?
134
Calculate the highest common factor of 165 and 35244.
33
Calculate the greatest common factor of 29 and 613147.
29
Calculate the highest common factor of 203981 and 23273.
1369
Calculate the greatest common factor of 10336 and 293284.
1292
What is the highest common divisor of 6592 and 49646?
206
What is the greatest common divisor of 528 and 112827?
33
What is the highest common divisor of 132535 and 130?
65
What is the highest common divisor of 2717796 and 12?
12
What is the highest common factor of 199727 and 2439?
271
What is the highest common divisor of 74 and 203352?
74
Calculate the highest common factor of 2912 and 1547.
91
What is the greatest common factor of 36646 and 25112?
146
Calculate the highest common divisor of 11264 and 234784.
352
Calculate the greatest common divisor of 208074 and 48.
6
Calculate the highest common divisor of 535888 and 12.
4
What is the greatest common factor of 11521 and 55357?
281
Calculate the greatest common divisor of 1445 and 697850.
85
Calculate the highest common factor of 32037 and 708.
177
What is the highest common divisor of 12783 and 6?
3
Calculate the greatest common divisor of 50409 and 135.
27
What is the greatest common divisor of 1640 and 10480?
40
Calculate the greatest common factor of 52 and 1148.
4
What is the highest common divisor of 64 and 129344?
64
What is the greatest common factor of 7780 and 609174?
778
What is the highest common factor of 130 and 23933?
13
What is the greatest common divisor of 25434 and 2466?
18
What is the greatest common divisor of 57 and 30834?
3
What is the greatest common divisor of 27 and 17001?
9
What is the highest common divisor of 447 and 628035?
447
What is the greatest common divisor of 51111 and 2524?
631
Calculate the highest common divisor of 1235 and 1201161.
247
Calculate the highest common factor of 2800 and 2080.
80
What is the greatest common factor of 7614 and 4512?
282
What is the highest common divisor of 46296 and 139531?
643
Calculate the highest common divisor of 2 and 120766.
2
What is the greatest common factor of 407933 and 3521?
503
Calculate the highest common factor of 2334690 and 20.
10
Calculate the highest common factor of 44233 and 26789.
623
What is the greatest common divisor of 1120 and 5208?
56
Calculate the highest common factor of 41380 and 180.
20
Calculate the greatest common divisor of 14 and 92029.
7
What is the greatest common factor of 180 and 58068?
36
What is the highest common divisor of 42 and 609792?
6
Calculate the greatest common divisor of 80619 and 99.
33
What is the greatest common divisor of 3365 and 150?
5
Calculate the greatest common divisor of 22855 and 245.
35
Calculate the highest common factor of 2150 and 188770.
430
What is the greatest common divisor of 520 and 1053?
13
What is the highest common factor of 5640 and 1480?
40
Calculate the greatest common divisor of 4 and 77236.
4
Calculate the greatest common divisor of 29857 and 146.
73
What is the greatest common divisor of 45771 and 3344?
209
What is the greatest common divisor of 1106 and 73549?
553
Calculate the greatest common divisor of 308 and 515228.
28
Calculate the greatest common factor of 88621 and 6851.
221
What is the greatest common divisor of 11604 and 3?
3
What is the greatest common divisor of 5415 and 555?
15
Calculate the highest common divisor of 2352 and 4746.
42
Calculate the highest common factor of 529 and 65573.
23
What is the highest common divisor of 262098 and 18?
18
Calculate the highest common divisor of 145 and 58.
29
What is the highest common divisor of 7732 and 16?
4
What is the highest common factor of 4480 and 3040?
160
Calculate the highest common divisor of 3157 and 1211.
7
What is the highest common divisor of 434 and 6382621?
217
What is the greatest common factor of 35 and 1645?
35
What is the greatest common divisor of 227751 and 267?
267
Calculate